{"id":260,"date":"2026-02-06T11:05:55","date_gmt":"2026-02-06T11:05:55","guid":{"rendered":"https:\/\/biblivres.fr\/index.php\/product\/saintete-unite-communion\/"},"modified":"2026-02-11T21:43:46","modified_gmt":"2026-02-11T21:43:46","slug":"saintete-unite-communion","status":"publish","type":"product","link":"https:\/\/biblivres.fr\/index.php\/product\/saintete-unite-communion\/","title":{"rendered":"Saintet\u00e9, unit\u00e9, communion"},"content":{"rendered":"<p>Napol\u00e9on Noel (1853-1932) est surtout connu pour un ouvrage volumineux L\u2019Histoire des Fr\u00e8res (de 1828 \u00e0 1930 environ) o\u00f9 il montre comment, avec beaucoup de difficult\u00e9s, ceux-ci ont cherch\u00e9 \u00e0 garder de grandes et pr\u00e9cieuses v\u00e9rit\u00e9s, transmises dans leur simplicit\u00e9 par l\u2019ap\u00f4tre Paul, longtemps oubli\u00e9es dans l\u2019histoire de l\u2019\u00e9glise, remises en lumi\u00e8re \u00e0 l\u2019\u00e9poque du R\u00e9veil. Dans le pr\u00e9sent article, il fait une sorte de commentaire de cette histoire. Les assauts de l\u2019ennemi, les difficult\u00e9s, les faiblesses, les manquements, sont tous consid\u00e9r\u00e9s, avec la r\u00e9flexion et le recul qu\u2019il pouvait en avoir. Ses conclusions nous semblent pr\u00e9senter un grand int\u00e9r\u00eat pour la m\u00e9ditation du lecteur, esp\u00e9rant qu\u2019il en tirera un grand profit.<\/p>\n","protected":false},"excerpt":{"rendered":"<p>Napol\u00e9on Noel (1853-1932) est surtout connu pour un ouvrage volumineux L\u2019Histoire des Fr\u00e8res (de 1828 \u00e0 1930 environ) o\u00f9 il montre comment, avec beaucoup de difficult\u00e9s, ceux-ci ont cherch\u00e9 \u00e0 garder de grandes et pr\u00e9cieuses v\u00e9rit\u00e9s, transmises dans leur simplicit\u00e9 par l\u2019ap\u00f4tre Paul, longtemps oubli\u00e9es dans l\u2019histoire de l\u2019\u00e9glise, remises en lumi\u00e8re \u00e0 l\u2019\u00e9poque du R\u00e9veil. Dans le pr\u00e9sent article, il fait une sorte de commentaire de cette histoire. Les assauts de l\u2019ennemi, les difficult\u00e9s, les faiblesses, les manquements, sont tous consid\u00e9r\u00e9s, avec la r\u00e9flexion et le recul qu\u2019il pouvait en avoir. Ses conclusions nous semblent pr\u00e9senter un grand int\u00e9r\u00eat pour la m\u00e9ditation du lecteur, esp\u00e9rant qu\u2019il en tirera un grand profit.<\/p>\n","protected":false},"featured_media":261,"template":"","meta":{"ocean_post_layout":"","ocean_both_sidebars_style":"","ocean_both_sidebars_content_width":0,"ocean_both_sidebars_sidebars_width":0,"ocean_sidebar":"0","ocean_second_sidebar":"0","ocean_disable_margins":"enable","ocean_add_body_class":"","ocean_shortcode_before_top_bar":"","ocean_shortcode_after_top_bar":"","ocean_shortcode_before_header":"","ocean_shortcode_after_header":"","ocean_has_shortcode":"","ocean_shortcode_after_title":"","ocean_shortcode_before_footer_widgets":"","ocean_shortcode_after_footer_widgets":"","ocean_shortcode_before_footer_bottom":"","ocean_shortcode_after_footer_bottom":"","ocean_display_top_bar":"default","ocean_display_header":"default","ocean_header_style":"","ocean_center_header_left_menu":"0","ocean_custom_header_template":"0","ocean_custom_logo":0,"ocean_custom_retina_logo":0,"ocean_custom_logo_max_width":0,"ocean_custom_logo_tablet_max_width":0,"ocean_custom_logo_mobile_max_width":0,"ocean_custom_logo_max_height":0,"ocean_custom_logo_tablet_max_height":0,"ocean_custom_logo_mobile_max_height":0,"ocean_header_custom_menu":"0","ocean_menu_typo_font_family":"0","ocean_menu_typo_font_subset":"","ocean_menu_typo_font_size":0,"ocean_menu_typo_font_size_tablet":0,"ocean_menu_typo_font_size_mobile":0,"ocean_menu_typo_font_size_unit":"px","ocean_menu_typo_font_weight":"","ocean_menu_typo_font_weight_tablet":"","ocean_menu_typo_font_weight_mobile":"","ocean_menu_typo_transform":"","ocean_menu_typo_transform_tablet":"","ocean_menu_typo_transform_mobile":"","ocean_menu_typo_line_height":0,"ocean_menu_typo_line_height_tablet":0,"ocean_menu_typo_line_height_mobile":0,"ocean_menu_typo_line_height_unit":"","ocean_menu_typo_spacing":0,"ocean_menu_typo_spacing_tablet":0,"ocean_menu_typo_spacing_mobile":0,"ocean_menu_typo_spacing_unit":"","ocean_menu_link_color":"","ocean_menu_link_color_hover":"","ocean_menu_link_color_active":"","ocean_menu_link_background":"","ocean_menu_link_hover_background":"","ocean_menu_link_active_background":"","ocean_menu_social_links_bg":"","ocean_menu_social_hover_links_bg":"","ocean_menu_social_links_color":"","ocean_menu_social_hover_links_color":"","ocean_disable_title":"default","ocean_disable_heading":"default","ocean_post_title":"","ocean_post_subheading":"","ocean_post_title_style":"","ocean_post_title_background_color":"","ocean_post_title_background":0,"ocean_post_title_bg_image_position":"","ocean_post_title_bg_image_attachment":"","ocean_post_title_bg_image_repeat":"","ocean_post_title_bg_image_size":"","ocean_post_title_height":0,"ocean_post_title_bg_overlay":0.5,"ocean_post_title_bg_overlay_color":"","ocean_disable_breadcrumbs":"default","ocean_breadcrumbs_color":"","ocean_breadcrumbs_separator_color":"","ocean_breadcrumbs_links_color":"","ocean_breadcrumbs_links_hover_color":"","ocean_display_footer_widgets":"default","ocean_display_footer_bottom":"default","ocean_custom_footer_template":"0"},"product_brand":[37],"product_cat":[15,22,18],"product_tag":[40],"class_list":{"0":"post-260","1":"product","2":"type-product","3":"status-publish","4":"has-post-thumbnail","6":"product_brand-fac","7":"product_cat-uncategorized","8":"product_cat-div","9":"product_cat-ecc","10":"product_tag-doc","12":"entry","13":"has-media","15":"first","16":"instock","17":"taxable","18":"shipping-taxable","19":"purchasable","20":"product-type-simple","21":"has-product-nav","22":"col","23":"span_1_of_6","24":"owp-content-center","25":"owp-thumbs-layout-horizontal","26":"owp-btn-normal","27":"owp-tabs-layout-horizontal","28":"has-no-thumbnails"},"_links":{"self":[{"href":"https:\/\/biblivres.fr\/index.php\/wp-json\/wp\/v2\/product\/260","targetHints":{"allow":["GET"]}}],"collection":[{"href":"https:\/\/biblivres.fr\/index.php\/wp-json\/wp\/v2\/product"}],"about":[{"href":"https:\/\/biblivres.fr\/index.php\/wp-json\/wp\/v2\/types\/product"}],"wp:featuredmedia":[{"embeddable":true,"href":"https:\/\/biblivres.fr\/index.php\/wp-json\/wp\/v2\/media\/261"}],"wp:attachment":[{"href":"https:\/\/biblivres.fr\/index.php\/wp-json\/wp\/v2\/media?parent=260"}],"wp:term":[{"taxonomy":"product_brand","embeddable":true,"href":"https:\/\/biblivres.fr\/index.php\/wp-json\/wp\/v2\/product_brand?post=260"},{"taxonomy":"product_cat","embeddable":true,"href":"https:\/\/biblivres.fr\/index.php\/wp-json\/wp\/v2\/product_cat?post=260"},{"taxonomy":"product_tag","embeddable":true,"href":"https:\/\/biblivres.fr\/index.php\/wp-json\/wp\/v2\/product_tag?post=260"}],"curies":[{"name":"wp","href":"https:\/\/api.w.org\/{rel}","templated":true}]}}