{"id":342,"date":"2026-02-06T11:12:44","date_gmt":"2026-02-06T11:12:44","guid":{"rendered":"https:\/\/biblivres.fr\/index.php\/product\/meditations-sur-lassemblee-de-dieu\/"},"modified":"2026-02-11T21:18:35","modified_gmt":"2026-02-11T21:18:35","slug":"meditations-sur-lassemblee-de-dieu","status":"publish","type":"product","link":"https:\/\/biblivres.fr\/index.php\/product\/meditations-sur-lassemblee-de-dieu\/","title":{"rendered":"M\u00e9ditations sur l&rsquo;Assembl\u00e9e de Dieu"},"content":{"rendered":"<p>\u00ab\u00a0 Christ, une personne vivante, est si pr\u00e9sent devant le c\u0153ur que les saints sont d\u00e9gag\u00e9s d\u2019eux-m\u00eames et chaque \u0153il et chaque c\u0153ur est rempli de lui.\u00a0\u00bb Telle est la mani\u00e8re \u00e9difiante selon laquelle ce sujet est pr\u00e9sent\u00e9. Centr\u00e9 sur Christ, personne vivante, Chef \u00e0 l\u2019assembl\u00e9e, le lecteur trouvera beaucoup de rafra\u00eechissement \u00e0 sa lecture.<br \/>\nComme dans la plupart de ses articles, l\u2019auteur insiste sur l\u2019obligation de maintenir la doctrine, mais aussi la pratique de la v\u00e9rit\u00e9 scripturaire du corps unique de Christ. Les principes divins et leur pratique ne varient pas avec les conditions changeantes de la grande maison de la chr\u00e9tient\u00e9. Cet ouvrage, qui a profit\u00e9 \u00e0 plusieurs g\u00e9n\u00e9rations de croyants qui ont appliqu\u00e9 leur marche pratique \u00e0 cet enseignement divin, sont toujours aussi valables aujourd\u2019hui.<\/p>\n","protected":false},"excerpt":{"rendered":"<p>\u00ab\u00a0 Christ, une personne vivante, est si pr\u00e9sent devant le c\u0153ur que les saints sont d\u00e9gag\u00e9s d\u2019eux-m\u00eames et chaque \u0153il et chaque c\u0153ur est rempli de lui.\u00a0\u00bb Telle est la mani\u00e8re \u00e9difiante selon laquelle ce sujet est pr\u00e9sent\u00e9. Centr\u00e9 sur Christ, personne vivante, Chef \u00e0 l\u2019assembl\u00e9e, le lecteur trouvera beaucoup de rafra\u00eechissement \u00e0 sa lecture.<br \/>\nComme dans la plupart de ses articles, l\u2019auteur insiste sur l\u2019obligation de maintenir la doctrine, mais aussi la pratique de la v\u00e9rit\u00e9 scripturaire du corps unique de Christ. Les principes divins et leur pratique ne varient pas avec les conditions changeantes de la grande maison de la chr\u00e9tient\u00e9. Cet ouvrage, qui a profit\u00e9 \u00e0 plusieurs g\u00e9n\u00e9rations de croyants qui ont appliqu\u00e9 leur marche pratique \u00e0 cet enseignement divin, sont toujours aussi valables aujourd\u2019hui.<\/p>\n","protected":false},"featured_media":343,"template":"","meta":{"ocean_post_layout":"","ocean_both_sidebars_style":"","ocean_both_sidebars_content_width":0,"ocean_both_sidebars_sidebars_width":0,"ocean_sidebar":"0","ocean_second_sidebar":"0","ocean_disable_margins":"enable","ocean_add_body_class":"","ocean_shortcode_before_top_bar":"","ocean_shortcode_after_top_bar":"","ocean_shortcode_before_header":"","ocean_shortcode_after_header":"","ocean_has_shortcode":"","ocean_shortcode_after_title":"","ocean_shortcode_before_footer_widgets":"","ocean_shortcode_after_footer_widgets":"","ocean_shortcode_before_footer_bottom":"","ocean_shortcode_after_footer_bottom":"","ocean_display_top_bar":"default","ocean_display_header":"default","ocean_header_style":"","ocean_center_header_left_menu":"0","ocean_custom_header_template":"0","ocean_custom_logo":0,"ocean_custom_retina_logo":0,"ocean_custom_logo_max_width":0,"ocean_custom_logo_tablet_max_width":0,"ocean_custom_logo_mobile_max_width":0,"ocean_custom_logo_max_height":0,"ocean_custom_logo_tablet_max_height":0,"ocean_custom_logo_mobile_max_height":0,"ocean_header_custom_menu":"0","ocean_menu_typo_font_family":"0","ocean_menu_typo_font_subset":"","ocean_menu_typo_font_size":0,"ocean_menu_typo_font_size_tablet":0,"ocean_menu_typo_font_size_mobile":0,"ocean_menu_typo_font_size_unit":"px","ocean_menu_typo_font_weight":"","ocean_menu_typo_font_weight_tablet":"","ocean_menu_typo_font_weight_mobile":"","ocean_menu_typo_transform":"","ocean_menu_typo_transform_tablet":"","ocean_menu_typo_transform_mobile":"","ocean_menu_typo_line_height":0,"ocean_menu_typo_line_height_tablet":0,"ocean_menu_typo_line_height_mobile":0,"ocean_menu_typo_line_height_unit":"","ocean_menu_typo_spacing":0,"ocean_menu_typo_spacing_tablet":0,"ocean_menu_typo_spacing_mobile":0,"ocean_menu_typo_spacing_unit":"","ocean_menu_link_color":"","ocean_menu_link_color_hover":"","ocean_menu_link_color_active":"","ocean_menu_link_background":"","ocean_menu_link_hover_background":"","ocean_menu_link_active_background":"","ocean_menu_social_links_bg":"","ocean_menu_social_hover_links_bg":"","ocean_menu_social_links_color":"","ocean_menu_social_hover_links_color":"","ocean_disable_title":"default","ocean_disable_heading":"default","ocean_post_title":"","ocean_post_subheading":"","ocean_post_title_style":"","ocean_post_title_background_color":"","ocean_post_title_background":0,"ocean_post_title_bg_image_position":"","ocean_post_title_bg_image_attachment":"","ocean_post_title_bg_image_repeat":"","ocean_post_title_bg_image_size":"","ocean_post_title_height":0,"ocean_post_title_bg_overlay":0.5,"ocean_post_title_bg_overlay_color":"","ocean_disable_breadcrumbs":"default","ocean_breadcrumbs_color":"","ocean_breadcrumbs_separator_color":"","ocean_breadcrumbs_links_color":"","ocean_breadcrumbs_links_hover_color":"","ocean_display_footer_widgets":"default","ocean_display_footer_bottom":"default","ocean_custom_footer_template":"0"},"product_brand":[37],"product_cat":[16],"product_tag":[32],"class_list":{"0":"post-342","1":"product","2":"type-product","3":"status-publish","4":"has-post-thumbnail","6":"product_brand-fac","7":"product_cat-edi","8":"product_tag-etl","10":"entry","11":"has-media","13":"first","14":"instock","15":"taxable","16":"shipping-taxable","17":"purchasable","18":"product-type-simple","19":"has-product-nav","20":"col","21":"span_1_of_6","22":"owp-content-center","23":"owp-thumbs-layout-horizontal","24":"owp-btn-normal","25":"owp-tabs-layout-horizontal","26":"has-no-thumbnails"},"_links":{"self":[{"href":"https:\/\/biblivres.fr\/index.php\/wp-json\/wp\/v2\/product\/342","targetHints":{"allow":["GET"]}}],"collection":[{"href":"https:\/\/biblivres.fr\/index.php\/wp-json\/wp\/v2\/product"}],"about":[{"href":"https:\/\/biblivres.fr\/index.php\/wp-json\/wp\/v2\/types\/product"}],"wp:featuredmedia":[{"embeddable":true,"href":"https:\/\/biblivres.fr\/index.php\/wp-json\/wp\/v2\/media\/343"}],"wp:attachment":[{"href":"https:\/\/biblivres.fr\/index.php\/wp-json\/wp\/v2\/media?parent=342"}],"wp:term":[{"taxonomy":"product_brand","embeddable":true,"href":"https:\/\/biblivres.fr\/index.php\/wp-json\/wp\/v2\/product_brand?post=342"},{"taxonomy":"product_cat","embeddable":true,"href":"https:\/\/biblivres.fr\/index.php\/wp-json\/wp\/v2\/product_cat?post=342"},{"taxonomy":"product_tag","embeddable":true,"href":"https:\/\/biblivres.fr\/index.php\/wp-json\/wp\/v2\/product_tag?post=342"}],"curies":[{"name":"wp","href":"https:\/\/api.w.org\/{rel}","templated":true}]}}